 Suppose 1135*j - 168 = 1177*j. Determine b(j).
19
Let b be (-2)/3*6/2. Suppose -21*k - 8 + 50 = 0. Let c(i) = -3*i**k - i - 4 + 2*i**2 - 5 - i**3 - 4 + 12. Give c(b).
5
Let o(l) be the second derivative of l**3/6 + 3*l**2/2 + 3*l. Let y = 4629 - 4642. Determine o(y).
-10
Suppose -2*q - 2*t = -16, -25 = -5*q - t + 23. Let g(i) be the first derivative of i**3/3 - 5*i**2 - 4*i + 938. Give g(q).
-4
Let q(w) = -w**2 - 5*w + 6. Let k be ((-22)/(-8))/((-5)/20)*-2. Suppose -18*o = -k*o. Suppose -3*l + 5*z = 2*l + 40, 4*l - z + 23 = o. What is q(l)?
6
Let l(j) = -4*j + 41*j**2 + 3*j + 3 + 5*j + 3*j**3 - 65. Let m(r) = -r**3 - 14*r**2 - r + 21. Let h(u) = 2*l(u) + 7*m(u). What is h(-16)?
7
Suppose 75 = 5*q - 240. Let c(x) = 14 - 5 - q*x + 62*x. Suppose -33*v - m - 1 = -28*v, -2*m - 2 = 3*v. What is c(v)?
9
Let v(d) be the third derivative of d**7/5040 - d**6/360 - 23*d**5/60 - d**4/8 - d**2 - 6. Let q(l) be the third derivative of v(l). What is q(5)?
3
Let r(p) = -p**3 - 2*p**2 + 3*p. Let a(u) = 5*u**2 - 3*u - 3. Let h be a(-1). Suppose 0 = -4*d + 2*f + 7 + h, 2 = -d - 2*f. What is r(d)?
-10
Let y(p) be the second derivative of -p**5/20 - p**4 - 3*p**3 - 13*p**2 - 4330*p - 2. Give y(-11).
51
Let p(m) be the first derivative of 7*m**2/2 - 18*m + 799. Give p(5).
17
Let r(h) = 4*h**2 + 10*h - 3. Let g(c) = c**2 + 738*c - 7486. Let b be g(10). What is r(b)?
81
Let u(k) = -k**3 + 4*k**2 - 3*k + 4. Let c be (1 - (13 + -2))*1/(-2). Suppose 107 = 3*n - c*f - 25, -n - 4*f = -44. Suppose -10*p = p - n. Give u(p).
-8
Let k = 177 + -177. Suppose 4*t + 23*g - 18*g = -37, -3*g - 15 = k. Let m(d) = -3*d + 3 - 3 - 3 + 1. Determine m(t).
7
Let t(s) be the third derivative of -s**5/60 - 7*s**4/24 + 7*s**3/3 + 153*s**2 - 5. Calculate t(-7).
14
Let w(l) be the second derivative of 0 - 26*l + 1/60*l**5 - 1/3*l**3 - 1/4*l**4 - l**2. Let s(r) be the first derivative of w(r). Give s(5).
-7
Let x = 357 + -297. Suppose -4*q = -14*q + x. Let h(k) = 2*k**2 - 7*k + 5. What is h(q)?
35
Let r(a) be the second derivative of a**4/12 + 2*a**2 - 2*a. Let m(j) = j**2 - 9*j - 22. Let o be m(-2). Suppose 0 = -8*q + 6*q - 0*q, 5*f - q = o. Give r(f).
4
Suppose 223*s = 1659 + 1017. Let t(m) = m**3 - 10*m**2 - 22*m + 6. Calculate t(s).
30
Let p be 5/((-75)/2) + (-2457)/2835. Let w(m) = -36*m**3 + 5*m**2 + 2*m + 1. Calculate w(p).
40
Let u(l) = l**3 - 37*l**2 + 8*l - 123. Let i be u(37). Let h(b) = 1 - 170*b + 344*b - i*b. What is h(10)?
11
Let b = 110119 - 110122. Let p = 6 - 4. Let a(v) = 4 + v + v**2 + p*v + 0*v**2. Calculate a(b).
4
Let m(d) = -3*d**2 + 4*d - 4. Let l(b) = -13*b**2 + 613*b - 92. Let i be l(47). Calculate m(i).
-8
Let r(x) = -4*x + 83. Let u(q) = -30*q + 639. Let t(y) = 23*r(y) - 3*u(y). Suppose 0 = -3*s - 5 - 16. Calculate t(s).
6
Suppose w - 18 = 14. Suppose -6*i = 2*i + w. Let v(x) = 71 + x - 31 - 41. What is v(i)?
-5
Suppose -u - 13 = -5. Let o(z) be the third derivative of -z**6/120 - 2*z**5/15 - z**4/8 - 3*z**3/2 + 16444*z**2. Determine o(u).
15
Suppose 17*u - 12*u = 425. Let d = -13 + u. Suppose 73*x - 5 = d*x. Let q(p) = -p**2 + 7*p. Calculate q(x).
10
Let y be (-5)/25 - (2/(-10) + 2). Let t(f) = 7*f**3 - 3*f**2 - 3*f + 12. Let k(j) = j**3 + 2. Let x(l) = -6*k(l) + t(l). Give x(y).
-14
Let b be (-3 + 8)*(-13)/(390/(-18)). Let m(z) = -z**3 - 6*z**3 + 4*z**b + 7 + 7*z**3 + 13*z**2 - 2*z - 3*z**3. Give m(-13).
33
Suppose 5*t - 3*t - 1 + 31 = 0. Let i(b) = -b**2 - 10*b + 24. Give i(t).
-51
Let o(b) = -b**2 + 5*b + 15. Let g be o(7). Let t(p) = -4*p + g + p - 5*p. Suppose l = f - 3, -1 = 5*l - 2*l + f. Give t(l).
9
Let a(p) = 33*p**2 + 124*p - 72. Let r(q) = 2*q**2 + 6*q - 1. Let f(k) = -a(k) + 16*r(k). Determine f(2).
-4
Let a = 59 - 55. Suppose -a*i + 18 = -2*l, -26 + 1 = 5*l. Suppose i*k + 4 = -2. Let p(o) = -2*o**3 - 3*o**2 + 4*o + 2. Determine p(k).
17
Let l = 41 - 37. Let r(q) = l*q - 5*q + q**2 - 3 + 7*q - 2*q. Let f be (4 + (-90)/27)/((-2)/12). Determine r(f).
-3
Let z(o) be the second derivative of 2*o**3/3 + 17*o**2/2 - 368*o. Give z(-9).
-19
Let s(r) = -r**2 - 4*r + 1. Let j be s(-2). Suppose z + 1 + j = 0. Let h(a) be the first derivative of a**2/2 + 5*a - 957. Give h(z).
-1
Let n = 6 - 3. Let x(i) = i + 83*i**2 + 81*i**2 - n - 166*i**2 + i**3. Give x(3).
9
Suppose -566 = -21*t - 146. Suppose -131 - 49 = -t*d. Let r(p) = p**2 - 11*p + 10. Give r(d).
-8
Let u be (27 + 8)*3/15. Let i(f) = f**3 - 8*f**2 + 8*f - 13. Determine i(u).
-6
Let t(r) be the second derivative of 0 + 3*r**2 - 83*r - 4/3*r**3 + 1/2*r**4 + 1/20*r**5. What is t(-7)?
13
Let t(w) = 38*w - 2. Let y(k) = -15*k. Let o(f) = t(f) + 2*y(f). Give o(-8).
-66
Suppose -78*l - 72*l - 450 = 0. Let r(h) = 20*h + 60. Calculate r(l).
0
Let p(z) = -383 + 3*z**2 + 747 + 7*z - z**3 + 4*z**2 - 374. What is p(7)?
39
Let k(s) = s**3 - 9*s**2 - 13*s + 12. Let n be -25*(2 - (-96)/(-40)). Calculate k(n).
-18
Let w(y) = -5*y**3 + 14*y**2 + y - 2. Suppose -25 = -31*i - 87. Let k(m) = 12*m**3 - 29*m**2 - 3*m + 4. Let x(j) = i*k(j) - 5*w(j). Determine x(12).
14
Let d = 22054 + -22044. Let w(b) = 6*b**2 - 58*b - 22. Determine w(d).
-2
Let x(k) = k**3 + 31*k**2 + 27*k - 89. Suppose -9*y - 232 - 38 = 0. Let u be x(y). Let t(s) = -20*s. What is t(u)?
-20
Let v(b) = -b + 1. Suppose -4*g - 14 = -3*o + 17, 0 = -4*o + 3*g + 32. Let d(c) = -o*c - 5*c - 6 + 11*c. Let w(x) = -d(x) - 6*v(x). What is w(1)?
5
Let t(z) be the third derivative of z**6/60 - 29*z**5/60 + 2*z**4/3 + z**3/3 - 2*z**2 + 41*z - 7. What is t(14)?
30
Let j(b) be the first derivative of -b**4/4 + 5*b**3 - 9*b**2 - 31*b + 11473. Calculate j(14).
-87
Let l(f) = f**2 - 6*f + 5. Suppose 11 = 12*k + 59. Let h(d) = d**2 + 3*d. Let a be h(k). Give l(a).
-3
Suppose 5*o = -5*s + 15 + 5, 3*s - 12 = -4*o. Suppose -3*t + 11 = p - 3*p, -3*t - 2*p + 7 = o. Let m(w) = -1 + 271*w - 267*w - t*w**2 + 2*w**2. What is m(3)?
2
Let x(u) be the first derivative of 2*u**3/3 - 5*u**2/2 + 4*u - 1. Let g = -1015 + 1033. Suppose 0 = -89*b + 83*b + g. Calculate x(b).
7
Suppose -357 = -3*o - 2*t - 49, -4*t = -3*o + 338. Let c(y) = -o*y - y**2 + 222*y + 1 - 108*y. Let g be 3/(-2)*(-24)/9. Give c(g).
17
Let y(o) = o**3 - 3*o**2 - 7*o + 6. Let s = 22642 + -22644. What is y(s)?
0
Let i(d) be the first derivative of d**2 - 31*d - 421. Calculate i(17).
3
Suppose 0 = -29*l + 30*l - 4. Suppose -l*u + 22 = 3*z + 6, 2*u - 8 = -5*z. Let r(d) = 102*d + 14 - 54*d - 47*d. Determine r(z).
14
Let s(p) = 3*p**2 + 46*p + 224. Let i(d) = -2*d**2 - 30*d - 150. Let g(t) = -7*i(t) - 5*s(t). Determine g(-4).
-6
Let g(v) be the first derivative of 7*v**2/2 + 65*v - 2054. Determine g(-7).
16
Let b = 111/14 + -3323/420. Let c(y) be the third derivative of -1/2*y**3 - b*y**5 - 1/8*y**4 + 7*y**2 + 0 + 0*y. Calculate c(-5).
-13
Suppose 0 = -3*p - 9 + 78. Let z(n) = 6 + 2 + 3 + 28*n - p*n - n**2. Give z(9).
-25
Let a(p) be the third derivative of -p**5/20 + 13*p**4/24 + p**3 - 11*p**2. Suppose 0 = -8*x - 1613 + 1653. Determine a(x).
-4
Let m(k) = -k**3 - 17*k**2 + 28. Suppose 43*a + c = 45*a + 27, 45 = -a - 4*c. Calculate m(a).
28
Let h = -155159 - -155157. Let v(a) = -4*a**2 - 3*a + 3*a**2 - a**3 + 3 - 5. Determine v(h).
8
Let l(f) = -5*f + 251. Let c(o) = 4*o**3 + 507*o**2 + 377*o - 75. Let t be c(-126). Calculate l(t).
-4
Let g(b) = 2*b - 40. Let r = -113 - -128. Let t be g(r). Let k(d) = -2*d - 4. Give k(t).
16
Let p(g) = -g**2 + 8*g + 4. Let i(u) = u**3 + 11*u**2 + 12*u + 61. Let t be i(-12). Let s = -219 - t. Give p(s).
4
Let o(p) = -p**2 + 5*p + 2. Suppose 0 = 2*w + 4, -w - w = 4*b - 36. Let a be (-329)/(-10) - (-1)/b. Suppose 3*s - a = -12. Give o(s).
-12
Let p(z) = z**3 + 7*z**2 + 13*z + 3. Let y(i) = -33*i + 689. Let l be y(21). Calculate p(l).
-1
Let r(d) be the first derivative of -d**5/10 + d**3/6 - 7*d - 19. Let b(h) be the first derivative of r(h). Determine b(-1).
1
Let a(l) be the second derivative of l**3/2 - 33*l**2/2 + 701*l. Give a(10).
-3
Let c(r) be the second derivative of -r**3/3 - r**2 - 160*r - 2. Suppose 11 = 5*k - y, 0 + 3 = 4*k + 5*y. Give c(k).
-6
Let l be (3584/196 - 17) + 4/(-14). Let r(a) = 54*a**2 + 2*a - 3. Determine r(l).
53
Let l = -56 - -60. Let b(p) = -5 + 15*p + 2*p**2 + 7*p**2 - 6*p**2. Let o(u) = -u**2 - 8*u + 3. Let z(g) = -2*b(g) - 5*o(g). What is z(l)?
19
Let b(j) = -4*j 